{"id":13960,"date":"2022-04-28T00:09:50","date_gmt":"2022-04-28T03:09:50","guid":{"rendered":"https:\/\/www.espacity.com\/w\/?page_id=13960"},"modified":"2022-04-28T00:33:05","modified_gmt":"2022-04-28T03:33:05","slug":"espacity","status":"publish","type":"page","link":"https:\/\/www.espacity.com\/w\/espacity\/","title":{"rendered":"Esp\u00e1city"},"content":{"rendered":"\n<div class=\"wp-block-getwid-images-slider has-arrows-inside has-dots-inside has-images-center has-cropped-images has-fixed-height alignfull\"><div class=\"wp-block-getwid-images-slider__wrapper\" data-effect=\"slide\" data-slides-show=\"1\" data-slides-show-laptop=\"1\" data-slides-show-tablet=\"1\" data-slides-show-mobile=\"1\" data-slides-scroll=\"1\" data-autoplay=\"false\" data-autoplay-speed=\"6000\" data-infinite=\"true\" data-animation-speed=\"800\" data-center-mode=\"false\" data-variable-width=\"false\" data-arrows=\"inside\" data-dots=\"inside\" data-spacing=\"none\"><div class=\"wp-block-getwid-images-slider__item getwid-reset-height-tablet\" style=\"height:450px\"><figure><img loading=\"lazy\" decoding=\"async\" width=\"1920\" height=\"480\" src=\"https:\/\/www.espacity.com\/w\/wp-content\/uploads\/202204-Slider-Espacity-acerca-1.jpg\" data-id=\"13962\" data-link=\"https:\/\/www.espacity.com\/w\/espacity\/202204-slider-espacity-acerca-1\/\" data-original-link=\"https:\/\/www.espacity.com\/w\/wp-content\/uploads\/202204-Slider-Espacity-acerca-1.jpg\" class=\"wp-block-getwid-images-slider__image wp-image-13962\" srcset=\"https:\/\/www.espacity.com\/w\/wp-content\/uploads\/202204-Slider-Espacity-acerca-1.jpg 1920w, https:\/\/www.espacity.com\/w\/wp-content\/uploads\/202204-Slider-Espacity-acerca-1-300x75.jpg 300w, https:\/\/www.espacity.com\/w\/wp-content\/uploads\/202204-Slider-Espacity-acerca-1-768x192.jpg 768w, https:\/\/www.espacity.com\/w\/wp-content\/uploads\/202204-Slider-Espacity-acerca-1-772x193.jpg 772w, https:\/\/www.espacity.com\/w\/wp-content\/uploads\/202204-Slider-Espacity-acerca-1-1024x256.jpg 1024w, https:\/\/www.espacity.com\/w\/wp-content\/uploads\/202204-Slider-Espacity-acerca-1-240x60.jpg 240w, https:\/\/www.espacity.com\/w\/wp-content\/uploads\/202204-Slider-Espacity-acerca-1-1536x384.jpg 1536w, https:\/\/www.espacity.com\/w\/wp-content\/uploads\/202204-Slider-Espacity-acerca-1-324x81.jpg 324w\" sizes=\"auto, (max-width: 1920px) 100vw, 1920px\" \/><\/figure><\/div><\/div><\/div>\n\n\n\n<div class=\"bloque-full\">\n\t<div class=\"contenedor\">\n\t\t<div class=\"row my-4 my-md-5\">\n\t\t\t<div class=\"col-12 pb-3\">\n\t\t\t\t<h1 class=\"text-center mb-2\">\n\t\t\t\t\tAcerca de ESP\u00c1CITY\n\t\t\t\t<\/h1>\n\t\t\t<\/div>\n\t\t\t<div class=\"col-12 col-sm-6 col-md-6 col-lg-6 align-top text-center text-sm-left mt-0 mt-sm-0\">\n\t\t\t\t<p>\n\t\t\t\t\tSomos especialistas en equipamiento integral para el hogar con m\u00e1s  de 40 a\u00f1os de trayectoria en el mercado.\n\t\t\t\t<\/p>\n\t\t\t\t<p>\n\t\t\t\t\tNuestro grupo estrat\u00e9gico est\u00e1 integrado por empresas dedicadas al dise\u00f1o, fabricaci\u00f3n y comercializaci\u00f3n de muebles, living, colchones y piezas partes de madera.\n\t\t\t\t<\/p>\n\t\t\t<\/div>\n\t\t\t<div class=\"col-12 col-sm-6 col-md-6 col-lg-6 align-top text-center text-sm-left mt-3 mt-sm-0\">\n\t\t\t\t<p>\n\t\t\t\t\tA trav\u00e9s de nuestros canales abastecemos a empresas que comercializan nuestros muebles y satisfacemos las necesidades de profesionales y familias que buscan productos de primera calidad.\n\t\t\t\t<\/p>\n\t\t\t\t<p>\n\t\t\t\t\tEl servicio orientado al cliente es nuestra marca distintiva, que logramos a trav\u00e9s de un asesoramiento personalizado, la entrega a domicilio por medio de una log\u00edstica completa y la atenci\u00f3n pos venta para garantizar la satisfacci\u00f3n total.\n\t\t\t\t<\/p>\n\t\t\t<\/div>\n\t\t<\/div>\n\t<\/div>\n<\/div>\n","protected":false},"excerpt":{"rendered":"<p>Acerca de ESP\u00c1CITY Somos especialistas en equipamiento integral para el hogar con m\u00e1s de 40 a\u00f1os de trayectoria en el [&hellip;]<\/p>\n","protected":false},"author":1,"featured_media":0,"parent":0,"menu_order":0,"comment_status":"closed","ping_status":"closed","template":"","meta":{"_acf_changed":false,"site-sidebar-layout":"default","site-content-layout":"","ast-site-content-layout":"default","site-content-style":"default","site-sidebar-style":"default","ast-global-header-display":"","ast-banner-title-visibility":"","ast-main-header-display":"","ast-hfb-above-header-display":"","ast-hfb-below-header-display":"","ast-hfb-mobile-header-display":"","site-post-title":"","ast-breadcrumbs-content":"","ast-featured-img":"","footer-sml-layout":"","ast-disable-related-posts":"","theme-transparent-header-meta":"","adv-header-id-meta":"","stick-header-meta":"","header-above-stick-meta":"","header-main-stick-meta":"","header-below-stick-meta":"","astra-migrate-meta-layouts":"default","ast-page-background-enabled":"default","ast-page-background-meta":{"desktop":{"background-color":"var(--ast-global-color-5)","background-image":"","background-repeat":"repeat","background-position":"center center","background-size":"auto","background-attachment":"scroll","background-type":"","background-media":"","overlay-type":"","overlay-color":"","overlay-opacity":"","overlay-gradient":""},"tablet":{"background-color":"","background-image":"","background-repeat":"repeat","background-position":"center center","background-size":"auto","background-attachment":"scroll","background-type":"","background-media":"","overlay-type":"","overlay-color":"","overlay-opacity":"","overlay-gradient":""},"mobile":{"background-color":"","background-image":"","background-repeat":"repeat","background-position":"center center","background-size":"auto","background-attachment":"scroll","background-type":"","background-media":"","overlay-type":"","overlay-color":"","overlay-opacity":"","overlay-gradient":""}},"ast-content-background-meta":{"desktop":{"background-color":"var(--ast-global-color-4)","background-image":"","background-repeat":"repeat","background-position":"center center","background-size":"auto","background-attachment":"scroll","background-type":"","background-media":"","overlay-type":"","overlay-color":"","overlay-opacity":"","overlay-gradient":""},"tablet":{"background-color":"var(--ast-global-color-4)","background-image":"","background-repeat":"repeat","background-position":"center center","background-size":"auto","background-attachment":"scroll","background-type":"","background-media":"","overlay-type":"","overlay-color":"","overlay-opacity":"","overlay-gradient":""},"mobile":{"background-color":"var(--ast-global-color-4)","background-image":"","background-repeat":"repeat","background-position":"center center","background-size":"auto","background-attachment":"scroll","background-type":"","background-media":"","overlay-type":"","overlay-color":"","overlay-opacity":"","overlay-gradient":""}},"footnotes":""},"class_list":["post-13960","page","type-page","status-publish","hentry"],"acf":[],"yoast_head":"<!-- This site is optimized with the Yoast SEO plugin v27.4 - https:\/\/yoast.com\/product\/yoast-seo-wordpress\/ -->\n<title>Esp\u00e1city - ESPACITY<\/title>\n<meta name=\"robots\" content=\"index, follow, max-snippet:-1, max-image-preview:large, max-video-preview:-1\" \/>\n<link rel=\"canonical\" href=\"https:\/\/www.espacity.com\/w\/espacity\/\" \/>\n<meta property=\"og:locale\" content=\"es_ES\" \/>\n<meta property=\"og:type\" content=\"article\" \/>\n<meta property=\"og:title\" content=\"Esp\u00e1city - ESPACITY\" \/>\n<meta property=\"og:description\" content=\"Acerca de ESP\u00c1CITY Somos especialistas en equipamiento integral para el hogar con m\u00e1s de 40 a\u00f1os de trayectoria en el [&hellip;]\" \/>\n<meta property=\"og:url\" content=\"https:\/\/www.espacity.com\/w\/espacity\/\" \/>\n<meta property=\"og:site_name\" content=\"ESPACITY\" \/>\n<meta property=\"article:publisher\" content=\"https:\/\/web.facebook.com\/Espacity\" \/>\n<meta property=\"article:modified_time\" content=\"2022-04-28T03:33:05+00:00\" \/>\n<meta property=\"og:image\" content=\"https:\/\/www.espacity.com\/w\/wp-content\/uploads\/202204-Slider-Espacity-acerca-1.jpg\" \/>\n<meta name=\"twitter:card\" content=\"summary_large_image\" \/>\n<meta name=\"twitter:label1\" content=\"Tiempo de lectura\" \/>\n\t<meta name=\"twitter:data1\" content=\"1 minuto\" \/>\n<script type=\"application\/ld+json\" class=\"yoast-schema-graph\">{\"@context\":\"https:\\\/\\\/schema.org\",\"@graph\":[{\"@type\":\"WebPage\",\"@id\":\"https:\\\/\\\/www.espacity.com\\\/w\\\/espacity\\\/\",\"url\":\"https:\\\/\\\/www.espacity.com\\\/w\\\/espacity\\\/\",\"name\":\"Esp\u00e1city - ESPACITY\",\"isPartOf\":{\"@id\":\"https:\\\/\\\/www.espacity.com\\\/w\\\/#website\"},\"primaryImageOfPage\":{\"@id\":\"https:\\\/\\\/www.espacity.com\\\/w\\\/espacity\\\/#primaryimage\"},\"image\":{\"@id\":\"https:\\\/\\\/www.espacity.com\\\/w\\\/espacity\\\/#primaryimage\"},\"thumbnailUrl\":\"https:\\\/\\\/www.espacity.com\\\/w\\\/wp-content\\\/uploads\\\/202204-Slider-Espacity-acerca-1.jpg\",\"datePublished\":\"2022-04-28T03:09:50+00:00\",\"dateModified\":\"2022-04-28T03:33:05+00:00\",\"breadcrumb\":{\"@id\":\"https:\\\/\\\/www.espacity.com\\\/w\\\/espacity\\\/#breadcrumb\"},\"inLanguage\":\"es\",\"potentialAction\":[{\"@type\":\"ReadAction\",\"target\":[\"https:\\\/\\\/www.espacity.com\\\/w\\\/espacity\\\/\"]}]},{\"@type\":\"ImageObject\",\"inLanguage\":\"es\",\"@id\":\"https:\\\/\\\/www.espacity.com\\\/w\\\/espacity\\\/#primaryimage\",\"url\":\"https:\\\/\\\/www.espacity.com\\\/w\\\/wp-content\\\/uploads\\\/202204-Slider-Espacity-acerca-1.jpg\",\"contentUrl\":\"https:\\\/\\\/www.espacity.com\\\/w\\\/wp-content\\\/uploads\\\/202204-Slider-Espacity-acerca-1.jpg\",\"width\":1920,\"height\":480},{\"@type\":\"BreadcrumbList\",\"@id\":\"https:\\\/\\\/www.espacity.com\\\/w\\\/espacity\\\/#breadcrumb\",\"itemListElement\":[{\"@type\":\"ListItem\",\"position\":1,\"name\":\"Inicio\",\"item\":\"https:\\\/\\\/www.espacity.com\\\/w\\\/\"},{\"@type\":\"ListItem\",\"position\":2,\"name\":\"Esp\u00e1city\"}]},{\"@type\":\"WebSite\",\"@id\":\"https:\\\/\\\/www.espacity.com\\\/w\\\/#website\",\"url\":\"https:\\\/\\\/www.espacity.com\\\/w\\\/\",\"name\":\"ESP\u00c1CITY\",\"description\":\"home &amp; deco\",\"publisher\":{\"@id\":\"https:\\\/\\\/www.espacity.com\\\/w\\\/#organization\"},\"alternateName\":\"ESP\u00c1CITY\",\"potentialAction\":[{\"@type\":\"SearchAction\",\"target\":{\"@type\":\"EntryPoint\",\"urlTemplate\":\"https:\\\/\\\/www.espacity.com\\\/w\\\/?s={search_term_string}\"},\"query-input\":{\"@type\":\"PropertyValueSpecification\",\"valueRequired\":true,\"valueName\":\"search_term_string\"}}],\"inLanguage\":\"es\"},{\"@type\":\"Organization\",\"@id\":\"https:\\\/\\\/www.espacity.com\\\/w\\\/#organization\",\"name\":\"ESP\u00c1CITY\",\"url\":\"https:\\\/\\\/www.espacity.com\\\/w\\\/\",\"logo\":{\"@type\":\"ImageObject\",\"inLanguage\":\"es\",\"@id\":\"https:\\\/\\\/www.espacity.com\\\/w\\\/#\\\/schema\\\/logo\\\/image\\\/\",\"url\":\"https:\\\/\\\/www.espacity.com\\\/w\\\/wp-content\\\/uploads\\\/2025\\\/04\\\/Logotipo-Espacity-300X300-1.jpg\",\"contentUrl\":\"https:\\\/\\\/www.espacity.com\\\/w\\\/wp-content\\\/uploads\\\/2025\\\/04\\\/Logotipo-Espacity-300X300-1.jpg\",\"width\":300,\"height\":300,\"caption\":\"ESP\u00c1CITY\"},\"image\":{\"@id\":\"https:\\\/\\\/www.espacity.com\\\/w\\\/#\\\/schema\\\/logo\\\/image\\\/\"},\"sameAs\":[\"https:\\\/\\\/web.facebook.com\\\/Espacity\",\"https:\\\/\\\/www.instagram.com\\\/espacityok\",\"https:\\\/\\\/www.youtube.com\\\/channel\\\/UCxYJDrvQ9jCifUH7299iHJw\"]}]}<\/script>\n<!-- \/ Yoast SEO plugin. -->","yoast_head_json":{"title":"Esp\u00e1city - ESPACITY","robots":{"index":"index","follow":"follow","max-snippet":"max-snippet:-1","max-image-preview":"max-image-preview:large","max-video-preview":"max-video-preview:-1"},"canonical":"https:\/\/www.espacity.com\/w\/espacity\/","og_locale":"es_ES","og_type":"article","og_title":"Esp\u00e1city - ESPACITY","og_description":"Acerca de ESP\u00c1CITY Somos especialistas en equipamiento integral para el hogar con m\u00e1s de 40 a\u00f1os de trayectoria en el [&hellip;]","og_url":"https:\/\/www.espacity.com\/w\/espacity\/","og_site_name":"ESPACITY","article_publisher":"https:\/\/web.facebook.com\/Espacity","article_modified_time":"2022-04-28T03:33:05+00:00","og_image":[{"url":"https:\/\/www.espacity.com\/w\/wp-content\/uploads\/202204-Slider-Espacity-acerca-1.jpg","type":"","width":"","height":""}],"twitter_card":"summary_large_image","twitter_misc":{"Tiempo de lectura":"1 minuto"},"schema":{"@context":"https:\/\/schema.org","@graph":[{"@type":"WebPage","@id":"https:\/\/www.espacity.com\/w\/espacity\/","url":"https:\/\/www.espacity.com\/w\/espacity\/","name":"Esp\u00e1city - ESPACITY","isPartOf":{"@id":"https:\/\/www.espacity.com\/w\/#website"},"primaryImageOfPage":{"@id":"https:\/\/www.espacity.com\/w\/espacity\/#primaryimage"},"image":{"@id":"https:\/\/www.espacity.com\/w\/espacity\/#primaryimage"},"thumbnailUrl":"https:\/\/www.espacity.com\/w\/wp-content\/uploads\/202204-Slider-Espacity-acerca-1.jpg","datePublished":"2022-04-28T03:09:50+00:00","dateModified":"2022-04-28T03:33:05+00:00","breadcrumb":{"@id":"https:\/\/www.espacity.com\/w\/espacity\/#breadcrumb"},"inLanguage":"es","potentialAction":[{"@type":"ReadAction","target":["https:\/\/www.espacity.com\/w\/espacity\/"]}]},{"@type":"ImageObject","inLanguage":"es","@id":"https:\/\/www.espacity.com\/w\/espacity\/#primaryimage","url":"https:\/\/www.espacity.com\/w\/wp-content\/uploads\/202204-Slider-Espacity-acerca-1.jpg","contentUrl":"https:\/\/www.espacity.com\/w\/wp-content\/uploads\/202204-Slider-Espacity-acerca-1.jpg","width":1920,"height":480},{"@type":"BreadcrumbList","@id":"https:\/\/www.espacity.com\/w\/espacity\/#breadcrumb","itemListElement":[{"@type":"ListItem","position":1,"name":"Inicio","item":"https:\/\/www.espacity.com\/w\/"},{"@type":"ListItem","position":2,"name":"Esp\u00e1city"}]},{"@type":"WebSite","@id":"https:\/\/www.espacity.com\/w\/#website","url":"https:\/\/www.espacity.com\/w\/","name":"ESP\u00c1CITY","description":"home &amp; deco","publisher":{"@id":"https:\/\/www.espacity.com\/w\/#organization"},"alternateName":"ESP\u00c1CITY","potentialAction":[{"@type":"SearchAction","target":{"@type":"EntryPoint","urlTemplate":"https:\/\/www.espacity.com\/w\/?s={search_term_string}"},"query-input":{"@type":"PropertyValueSpecification","valueRequired":true,"valueName":"search_term_string"}}],"inLanguage":"es"},{"@type":"Organization","@id":"https:\/\/www.espacity.com\/w\/#organization","name":"ESP\u00c1CITY","url":"https:\/\/www.espacity.com\/w\/","logo":{"@type":"ImageObject","inLanguage":"es","@id":"https:\/\/www.espacity.com\/w\/#\/schema\/logo\/image\/","url":"https:\/\/www.espacity.com\/w\/wp-content\/uploads\/2025\/04\/Logotipo-Espacity-300X300-1.jpg","contentUrl":"https:\/\/www.espacity.com\/w\/wp-content\/uploads\/2025\/04\/Logotipo-Espacity-300X300-1.jpg","width":300,"height":300,"caption":"ESP\u00c1CITY"},"image":{"@id":"https:\/\/www.espacity.com\/w\/#\/schema\/logo\/image\/"},"sameAs":["https:\/\/web.facebook.com\/Espacity","https:\/\/www.instagram.com\/espacityok","https:\/\/www.youtube.com\/channel\/UCxYJDrvQ9jCifUH7299iHJw"]}]}},"_links":{"self":[{"href":"https:\/\/www.espacity.com\/w\/wp-json\/wp\/v2\/pages\/13960","targetHints":{"allow":["GET"]}}],"collection":[{"href":"https:\/\/www.espacity.com\/w\/wp-json\/wp\/v2\/pages"}],"about":[{"href":"https:\/\/www.espacity.com\/w\/wp-json\/wp\/v2\/types\/page"}],"author":[{"embeddable":true,"href":"https:\/\/www.espacity.com\/w\/wp-json\/wp\/v2\/users\/1"}],"replies":[{"embeddable":true,"href":"https:\/\/www.espacity.com\/w\/wp-json\/wp\/v2\/comments?post=13960"}],"version-history":[{"count":2,"href":"https:\/\/www.espacity.com\/w\/wp-json\/wp\/v2\/pages\/13960\/revisions"}],"predecessor-version":[{"id":13963,"href":"https:\/\/www.espacity.com\/w\/wp-json\/wp\/v2\/pages\/13960\/revisions\/13963"}],"wp:attachment":[{"href":"https:\/\/www.espacity.com\/w\/wp-json\/wp\/v2\/media?parent=13960"}],"curies":[{"name":"wp","href":"https:\/\/api.w.org\/{rel}","templated":true}]}}